16*x**2 + 33*x**r. Give u(-4).
26
Let g(m) = -13*m - 128. Let p(y) = y - 45. Let o(x) = -g(x) + 3*p(x). Calculate o(2).
25
Let k(i) = -26*i - 121. Let s(j) = 6*j**2 + 18*j - 5. Let u be s(-3). Let w be k(u). Let r(c) = -c**3 + 8*c**2 + 11*c - 3. Determine r(w).
15
Let a(w) be the third derivative of -w**5/60 - 19*w**4/24 + 7*w**3/6 + 4*w**2 - 116*w. Calculate a(-8).
95
Let i(c) = c**2 - 8*c + 4. Let l = -21 - -290. Suppose -6 = -270*t + l*t. Calculate i(t).
-8
Let v(z) be the second derivative of z**3/6 + z**2/2 - 4447*z. Let d(i) = -i**3 - 2*i**2 + 3*i + 2. Let l be d(-3). Let f = l - 4. What is v(f)?
-1
Let o(t) = -t**3 + 6*t**2 + 2. Let z(x) = x. Let g be z(4). Suppose -r - g*r + 2*m = 28, -5*r - 12 = 2*m. Let s be 3/(4 + 14)*r*-9. What is o(s)?
2
Let p(d) be the third derivative of -7*d**4/24 - 16*d**3/3 - 14*d**2. Let q be p(9). Let u = q + 102. Let r(x) = -4*x + 10. Give r(u).
-18
Let b(h) = -3*h + 5. Let j be 9/(-4)*2584/(-102). Suppose -2*n + j = 47. Give b(n).
-10
Let i(k) = 5*k**3 - 13*k**2 + 17*k + 25. Suppose -70 - 65 = -27*l. Let r(g) = 4*g**3 - 12*g**2 + 16*g + 24. Let z(n) = l*i(n) - 6*r(n). Calculate z(-8).
5
Let t(c) = 44*c**3 + c - 2. Let s = 723 + -722. Calculate t(s).
43
Let q(o) = -o**3 + 2*o**2 + 22*o + 23. Let u be q(6). Let l(h) be the first derivative of 50 - u*h + 11/2*h**2 - 1/3*h**3. Give l(10).
-1
Let s(j) = -3*j - 6. Let i be s(-7). Suppose i*v - 16*v - 3 = 0. Let g(l) = -l - 1. Let k(u) = -5*u - 4. Let f(n) = v*g(n) + k(n). Determine f(2).
-5
Let k(y) = 10*y**3 + 8 + 17*y - 12*y + 3*y**2 - 20*y**3 + 11*y**3 + 2*y. Determine k(-4).
-36
Let n be (5/10 - -1)/(2/4). Suppose -4*t = n - 11. Suppose t*m - q + 0 = -2, 3*m - 5*q = -17. Let y(d) = -23*d**2 + d - 1. Calculate y(m).
-23
Let r(v) = -v**3 - 2*v**2 - 5*v - 33. Suppose 5*c - 26 = 4*n, -77*n - c + 18 = -81*n. Determine r(n).
19
Let u(j) = -75 - 29*j + 77*j - 33*j - 18*j + j**2 + 3. What is u(11)?
16
Let r(s) be the first derivative of 0*s - 30 + 7/2*s**2. Calculate r(-1).
-7
Let m(x) = -2*x**2 - 6 + 0*x**2 + 3*x**2 + 4*x. Let i be ((-1655)/(-10))/((-1)/2) + 3. Let y = i - -322. Give m(y).
6
Let d(v) = v**2 + 2*v + 4. Let s = 15 - 10. Suppose s*m = -5*g + 10, -m + 0 + 10 = 5*g. Let x(y) = -2*y**2 + 6*y - 7. Let k be x(g). Determine d(k).
7
Let h be (-23)/(-2) + 38/(-76). Let k(g) = 7*g - 70. What is k(h)?
7
Let d = 3105 - 3098. Let v(i) = -i**2 + 10*i - 32. Determine v(d).
-11
Let m be 2*7*18/42. Suppose 5*t - 8 = 3*r + m, -10 = 4*r + 2*t. Let l(b) = b**3 + 2*b**2 - b - 4. What is l(r)?
-10
Suppose 3*j = 89 - 137. Let t be 1/4 - 124/j. Let c(i) = i**3 - 8*i**2 - i + 11. Give c(t).
3
Let g(u) be the first derivative of -u**3/3 - u**2 + u - 378. What is g(1)?
-2
Let c(m) = 2*m**2 + 6*m + 7. Let x(h) = -h**2 + h + 8. Let l(t) = -c(t) - 3*x(t). Calculate l(15).
59
Let a(p) = -569*p - 20. Let x be a(-1). Let r(n) = -4 - 4*n**2 - 551*n + 0*n**2 - n**3 + x*n. What is r(-3)?
-7
Let n(f) be the first derivative of -1/4*f**4 - 3*f + 2*f**3 + 14 + 0*f**2. Let h be n(6). Let b(j) = j**2 + 3*j - 1. Calculate b(h).
-1
Let p(j) = -45*j - 135. Let q = -36370 - -36367. What is p(q)?
0
Suppose -g = -35 + 27. Suppose 3 = -i + g. Let a(l) = -1 + 4*l - i*l - 8. Give a(-5).
-4
Suppose -351*f - 676 = -350*f. Let h = 680 + f. Let n(x) = x**3 - 3*x**2 - 3*x + 1. Calculate n(h).
5
Suppose -2*y - 2 = 5*l, -4*y + 0*l = -4*l - 24. Let p(d) = -7*d**2 - 4 + 8*d**2 - 11 + 8 + 3 - d. Determine p(y).
8
Let v = -5 + -2. Let a(z) = 24*z + 1. Let q(w) = 11*w. Suppose 0 = -3*m - 0*i - 5*i + 23, 0 = 4*i - 4. Let t(k) = m*a(k) - 13*q(k). Determine t(v).
-1
Let b(d) = d**3 - 7*d**2 + 8*d - 3. Suppose 0*u = -5*q + 5*u + 35, 2*q - 16 = 4*u. Calculate b(q).
9
Let y(z) be the first derivative of -z**2 + 23*z - 51. Determine y(9).
5
Let s(b) = -b**3 + 7*b**2 - 6*b + 5. Let x be s(6). Let v(h) = -12*h - 1135 + 1118 + 15*h. What is v(x)?
-2
Suppose -3*q - 2*g = 3*g + 46, 5*g - 56 = 3*q. Let o(h) = 4*h + 75. Calculate o(q).
7
Let d(k) = -k**3 + 10*k**2 - 8*k - 9. Let n(i) = 2*i - 23. Let v be n(14). Suppose 0 = o + v*r + 67, -2*o + 2*r = -o + 39. Let y = 56 + o. Calculate d(y).
0
Suppose 4*c - 54 = -2*u - 14, 2*c - 20 = -5*u. Let v(g) = 5*g**2 - g**3 + 19 + c*g - 9*g - 25. Give v(5).
-1
Let o(d) = -104*d**2 + 4*d - 3. Let q(l) = 314*l**2 - 13*l + 10. Let t(v) = -10*o(v) - 3*q(v). Calculate t(1).
97
Let d(r) be the third derivative of r**6/120 - r**5/12 - r**4/12 + 3*r**3 - 149*r**2. Calculate d(5).
8
Let c(o) be the second derivative of -o**6/120 + o**5/10 + o**4/4 + o**3/2 + 147*o**2/2 + 129*o. Let v(r) be the first derivative of c(r). Determine v(7).
-4
Let y(q) = -q**2 - 21*q - 32. Let h(f) = f**2 + 19*f + 29. Let g(t) = -5*h(t) - 4*y(t). What is g(-3)?
7
Let p(i) = -i**2 - i. Let b = 15 - 12. Suppose b*a + 0*a - 6 = 0. Let c(f) = -3*f**2 - 9*f - 6. Let k(x) = a*p(x) - c(x). Calculate k(-5).
-4
Let b(a) be the third derivative of a**5/60 + 31*a**4/24 + 35*a**3/6 + a**2 + a - 428. Determine b(-30).
5
Let d = 13 - 11. Let r(n) = 0*n**2 - 4 + 21*n**2 - 42*n**2 + 20*n**2 + 5*n. Calculate r(d).
2
Let l(s) = -6*s**2 + 43*s + 35. Let c be l(8). Let u(j) = -j**3 - 6*j**2 - 8*j. What is u(c)?
15
Suppose 0 = 2*b + n - 13, -353*n + 28 = 2*b - 349*n. Let h(y) be the third derivative of 2*y**2 + 0*y - 2/3*y**3 + 0 + 1/24*y**4. Give h(b).
0
Suppose 0 = -105*t + 97*t. Suppose t = a - 5*y - 2, -y = -5*a + 26 + 8. Let f(i) = i - 2. Determine f(a).
5
Let y = -6541 + 6532. Let p(w) = -3*w + 2*w - 10 + 0. What is p(y)?
-1
Suppose 5*j = 4*n + 15, -7*j + 3*j = 3*n + 50. Let k(x) = 5*x + 64. Let p be k(n). Let l(g) = -g**3 + 14*g**2 - 2*g + 19. Determine l(p).
-9
Let i(w) = 2*w**2 - 2*w - 7. Let p be 16/12*729/324. Calculate i(p).
5
Suppose -4*m + 6*i = 190, -2*i + 210 = -11*m + 6*m. Let j(h) = -h - 61. Give j(m).
-21
Let w(u) be the second derivative of -u**5/4 + 25*u**4/3 - u**3/3 + 19*u**2 - 545*u. What is w(20)?
-2
Let a = 5995 - 5992. Let y(o) = 2*o - 12. Give y(a).
-6
Let b = 228 - 222. Let k(q) = 4*q - q + 11*q**2 - 3*q + b - 10*q**2 - 9*q. Calculate k(6).
-12
Let w(h) = h - 1. Let r be 1 - (-4)/12*0. Let m be -13 + 12 - (38 + r). Let f = m - -38. What is w(f)?
-3
Let j = -156 - -274. Let l be (-13294)/115 - (-7)/(-5). Let t = j + l. Let b(g) = 17*g + 1. Calculate b(t).
18
Let y(o) be the third derivative of o**5/60 - 7*o**4/24 + o**3/6 + 43*o**2 - 3*o - 25. Let s(g) = g**2 - 6*g + 6. Let v be s(6). Determine y(v).
-5
Suppose 5*z - 55 + 16 = -a, 2*a + 34 = 4*z. Let k(c) = 3*c + 0*c**2 + 23*c**2 - c + 1. What is k(a)?
22
Let x(y) = 7*y**2 + 78*y + 67. Let q(b) = -11*b**2 - 122*b - 101. Let v(c) = 5*q(c) + 8*x(c). Calculate v(-7).
-18
Let m(p) be the first derivative of 2*p**3/3 + 11*p**2/2 + 4*p - 10669. What is m(-11)?
125
Let h = -277 - -265. Let i be 2*5 - h/28*-7. Let r(s) = s**3 - 7*s**2 - s - 3. Give r(i).
-10
Let v(s) be the second derivative of -s**4/12 + 3*s**2/2 - 140*s. Suppose -10 = -r - 1. Suppose 3*i - 4*t = -i + 4, t = -i + r. What is v(i)?
-22
Let w be -5 + (-16 - -18) - (-1 + -1). Let h(k) = -9*k**3 - 4*k**2 + k + 2. Determine h(w).
6
Let m = -168 + 52. Let o = m - -122. Let c(l) = -14 - 3*l + 10*l - o*l. Give c(11).
-3
Let k(z) = z**3 - 9*z**2 - 21*z - 5. Let f be k(11). Let r(g) = -g**2 + f*g + 3*g**2 - 1 + 2 - 3*g**2 - 5*g. What is r(6)?
-29
Let z(u) = 4*u - u**2 - 3*u - u. Let q be 27/(-1 + -2)*-6. Let r be (q/(-12) + 2)*8/10. Give z(r).
-4
Let y(v) = -39*v**3 - v**2 + 3*v - 1. Let t be y(-2). Let k = t + -305. Let f(h) = -h**2 - 2*h + 5. Determine f(k).
-3
Let w(h) be the third derivative of 1/6*h**3 + 1/30*h**5 + 3*h**2 + 0*h + 1/8*h**4 + 0. Let m(z) = -z**2 - 12*z + 62. Let g be m(-16). Give w(g).
3
Let w(j) = j - 17. Suppose -435*g - 32 = -439*g. Suppose 35 = 4*u - 3*v, -g*u + 2*v + 5 = -7*u. Determine w(u).
-6
Let d = -36 - -37. Let g(x) = 2*x - 1. Let p(y) = -27*y + 12. Let w(h) = d*p(h) + 12*g(h). Give w(-1).
3
Let f = 4429 + -4426. Let q(j) be the second derivative of -1/6*j**4 + 1/20*j**5 - 3/2*j**2 + 0*j**3 + 3*j + 0. What is q(f)?
6
Suppose 192 = -u - 3*u. Suppose -1056 = 52*d + 44*d. Let x be (-2)/d - u/(-22). Let v(y) = 2*y + 3. What is v(x)?
-1
Let k be -3*1/2*(-220)/(-165). Let t be (-41*(3 - 2))/(k - -1). Let j = 47 - t. Let u(q) = q**3 - 6*q**2 + 4. Calculate u(j).
4
Let r(y) = -5*y*